{"id":17,"date":"2024-12-29T08:03:47","date_gmt":"2024-12-29T08:03:47","guid":{"rendered":"https:\/\/asproducts.dz\/?page_id=17"},"modified":"2024-12-31T13:43:45","modified_gmt":"2024-12-31T13:43:45","slug":"missions","status":"publish","type":"page","link":"https:\/\/asproducts.dz\/?page_id=17","title":{"rendered":"Missions"},"content":{"rendered":"<div class=\"wpb-content-wrapper\"><p>[vc_row][vc_column][vc_column_text css_animation=\u00a0\u00bbfadeInUp\u00a0\u00bb css=\u00a0\u00bb\u00a0\u00bb]<\/p>\n<p align=\"justify\"><strong>L&rsquo;ECOLE LE REVE D&rsquo;OR<\/strong>, a des missions de formations dans le domaine de l&rsquo;innovation, la veille. Le transfert et le d\u00e9veloppement technologique elle a pour t\u00e2che aussi<br \/>\n\u2022 D\u2019assurer la formation de cadres hautement qualifie<br \/>\n\u2022 D\u2019introduire la dimension innovation, transfert de technologie et entreprenariat aussi bien dans la formation que dans la recherche.<\/p>\n<p>[\/vc_column_text][\/vc_column][\/vc_row][vc_row][vc_column width=\u00a0\u00bb1\/5&Prime;][vc_single_image image=\u00a0\u00bb90&Prime; img_size=\u00a0\u00bbfull\u00a0\u00bb alignment=\u00a0\u00bbcenter\u00a0\u00bb style=\u00a0\u00bbvc_box_circle\u00a0\u00bb css_animation=\u00a0\u00bbfadeInUp\u00a0\u00bb css=\u00a0\u00bb\u00a0\u00bb][vc_column_text css_animation=\u00a0\u00bbfadeInUp\u00a0\u00bb css=\u00a0\u00bb\u00a0\u00bb]<\/p>\n<h4 style=\"text-align: center;\"><span style=\"color: #6e1320;\"><strong>Innovation<\/strong><\/span><\/h4>\n<p>[\/vc_column_text][\/vc_column][vc_column width=\u00a0\u00bb1\/5&Prime;][\/vc_column][vc_column width=\u00a0\u00bb1\/5&Prime;][vc_single_image image=\u00a0\u00bb91&Prime; img_size=\u00a0\u00bbfull\u00a0\u00bb alignment=\u00a0\u00bbcenter\u00a0\u00bb style=\u00a0\u00bbvc_box_circle\u00a0\u00bb css_animation=\u00a0\u00bbfadeInUp\u00a0\u00bb css=\u00a0\u00bb\u00a0\u00bb][vc_column_text css_animation=\u00a0\u00bbfadeInUp\u00a0\u00bb css=\u00a0\u00bb\u00a0\u00bb]<\/p>\n<h4 style=\"text-align: center;\"><span style=\"color: #fbc478;\"><strong>Entreprenariat<\/strong><\/span><\/h4>\n<p>[\/vc_column_text][\/vc_column][vc_column width=\u00a0\u00bb1\/5&Prime;][\/vc_column][vc_column width=\u00a0\u00bb1\/5&Prime;][vc_single_image image=\u00a0\u00bb92&Prime; img_size=\u00a0\u00bbfull\u00a0\u00bb alignment=\u00a0\u00bbcenter\u00a0\u00bb style=\u00a0\u00bbvc_box_circle\u00a0\u00bb css_animation=\u00a0\u00bbfadeInUp\u00a0\u00bb css=\u00a0\u00bb\u00a0\u00bb][vc_column_text css_animation=\u00a0\u00bbfadeInUp\u00a0\u00bb css=\u00a0\u00bb\u00a0\u00bb]<\/p>\n<h4 style=\"text-align: center;\"><span style=\"color: #41a796;\"><strong>Transfert de technologie<\/strong><\/span><\/h4>\n<p>[\/vc_column_text][\/vc_column][\/vc_row][vc_row][vc_column][vc_column_text css_animation=\u00a0\u00bbfadeInUp\u00a0\u00bb css=\u00a0\u00bb\u00a0\u00bb]<\/p>\n<p align=\"justify\">En outre, l&rsquo;<strong>ECOLE LE REVE D&rsquo;OR<\/strong> peut assurer des activit\u00e9s de formations inter &amp; intra entreprises, participer activement \u00e0 la performance et au perfectionnement de vos \u00e9quipes en les aidant \u00e0 d\u00e9velopper leur savoir-faire et r\u00e9v\u00e9ler leur savoir \u00eatre.<\/p>\n<p align=\"justify\"><strong>L&rsquo;ECOLE LE REVE D&rsquo;OR<\/strong> construit avec ses clients une dynamique de partenariat bas\u00e9e sur l&rsquo;analyse, le dialogue et le choix des objectifs pour la r\u00e9alisation de contrats de r\u00e9ussite parc que chaque partenaire a sa propre strat\u00e9gie etculture, ses propres objectifs et ambitions nous apportons des solutions sur mesure, cibl\u00e9es et efficaces.<\/p>\n<p>[\/vc_column_text][\/vc_column][\/vc_row]<\/p>\n<\/div>","protected":false},"excerpt":{"rendered":"<p>[vc_row][vc_column][vc_column_text css_animation=\u00a0\u00bbfadeInUp\u00a0\u00bb css=\u00a0\u00bb\u00a0\u00bb] L&rsquo;ECOLE LE REVE D&rsquo;OR, a des missions de formations dans le domaine de l&rsquo;innovation, la veille. Le transfert et le d\u00e9veloppement technologique elle a pour t\u00e2che aussi \u2022 D\u2019assurer la formation de cadres hautement qualifie \u2022 D\u2019introduire la dimension innovation, transfert de technologie et entreprenariat aussi bien dans la formation que dans&hellip;<\/p>\n","protected":false},"author":1,"featured_media":0,"parent":0,"menu_order":0,"comment_status":"closed","ping_status":"closed","template":"","meta":{"footnotes":""},"class_list":["post-17","page","type-page","status-publish","hentry","description-off"],"_links":{"self":[{"href":"https:\/\/asproducts.dz\/index.php?rest_route=\/wp\/v2\/pages\/17","targetHints":{"allow":["GET"]}}],"collection":[{"href":"https:\/\/asproducts.dz\/index.php?rest_route=\/wp\/v2\/pages"}],"about":[{"href":"https:\/\/asproducts.dz\/index.php?rest_route=\/wp\/v2\/types\/page"}],"author":[{"embeddable":true,"href":"https:\/\/asproducts.dz\/index.php?rest_route=\/wp\/v2\/users\/1"}],"replies":[{"embeddable":true,"href":"https:\/\/asproducts.dz\/index.php?rest_route=%2Fwp%2Fv2%2Fcomments&post=17"}],"version-history":[{"count":7,"href":"https:\/\/asproducts.dz\/index.php?rest_route=\/wp\/v2\/pages\/17\/revisions"}],"predecessor-version":[{"id":257,"href":"https:\/\/asproducts.dz\/index.php?rest_route=\/wp\/v2\/pages\/17\/revisions\/257"}],"wp:attachment":[{"href":"https:\/\/asproducts.dz\/index.php?rest_route=%2Fwp%2Fv2%2Fmedia&parent=17"}],"curies":[{"name":"wp","href":"https:\/\/api.w.org\/{rel}","templated":true}]}}

<div class="wpb-content-wrapper"><p>[vc_row][vc_column][vc_column_text css_animation= »fadeInUp » css= » »]</p>
<p align="justify"><strong>L&rsquo;ECOLE LE REVE D&rsquo;OR</strong>, a des missions de formations dans le domaine de l&rsquo;innovation, la veille. Le transfert et le développement technologique elle a pour tâche aussi<br />
• D’assurer la formation de cadres hautement qualifie<br />
• D’introduire la dimension innovation, transfert de technologie et entreprenariat aussi bien dans la formation que dans la recherche.</p>
<p>[/vc_column_text][/vc_column][/vc_row][vc_row][vc_column width= »1/5&Prime;][vc_single_image image= »90&Prime; img_size= »full » alignment= »center » style= »vc_box_circle » css_animation= »fadeInUp » css= » »][vc_column_text css_animation= »fadeInUp » css= » »]</p>
<h4 style="text-align: center;"><span style="color: #6e1320;"><strong>Innovation</strong></span></h4>
<p>[/vc_column_text][/vc_column][vc_column width= »1/5&Prime;][/vc_column][vc_column width= »1/5&Prime;][vc_single_image image= »91&Prime; img_size= »full » alignment= »center » style= »vc_box_circle » css_animation= »fadeInUp » css= » »][vc_column_text css_animation= »fadeInUp » css= » »]</p>
<h4 style="text-align: center;"><span style="color: #fbc478;"><strong>Entreprenariat</strong></span></h4>
<p>[/vc_column_text][/vc_column][vc_column width= »1/5&Prime;][/vc_column][vc_column width= »1/5&Prime;][vc_single_image image= »92&Prime; img_size= »full » alignment= »center » style= »vc_box_circle » css_animation= »fadeInUp » css= » »][vc_column_text css_animation= »fadeInUp » css= » »]</p>
<h4 style="text-align: center;"><span style="color: #41a796;"><strong>Transfert de technologie</strong></span></h4>
<p>[/vc_column_text][/vc_column][/vc_row][vc_row][vc_column][vc_column_text css_animation= »fadeInUp » css= » »]</p>
<p align="justify">En outre, l&rsquo;<strong>ECOLE LE REVE D&rsquo;OR</strong> peut assurer des activités de formations inter &amp; intra entreprises, participer activement à la performance et au perfectionnement de vos équipes en les aidant à développer leur savoir-faire et révéler leur savoir être.</p>
<p align="justify"><strong>L&rsquo;ECOLE LE REVE D&rsquo;OR</strong> construit avec ses clients une dynamique de partenariat basée sur l&rsquo;analyse, le dialogue et le choix des objectifs pour la réalisation de contrats de réussite parc que chaque partenaire a sa propre stratégie etculture, ses propres objectifs et ambitions nous apportons des solutions sur mesure, ciblées et efficaces.</p>
<p>[/vc_column_text][/vc_column][/vc_row]</p>
</div>

<p>[vc_row][vc_column][vc_column_text css_animation= »fadeInUp » css= » »] L&rsquo;ECOLE LE REVE D&rsquo;OR, a des missions de formations dans le domaine de l&rsquo;innovation, la veille. Le transfert et le développement technologique elle a pour tâche aussi • D’assurer la formation de cadres hautement qualifie • D’introduire la dimension innovation, transfert de technologie et entreprenariat aussi bien dans la formation que dans&hellip;</p>
