{"id":15,"date":"2024-12-29T08:01:32","date_gmt":"2024-12-29T08:01:32","guid":{"rendered":"https:\/\/asproducts.dz\/?page_id=15"},"modified":"2024-12-29T14:24:45","modified_gmt":"2024-12-29T14:24:45","slug":"accueil","status":"publish","type":"page","link":"https:\/\/asproducts.dz\/","title":{"rendered":"Accueil"},"content":{"rendered":"<div class=\"wpb-content-wrapper\"><p>[vc_row][vc_column][vc_column_text css_animation=\u00a0\u00bbfadeInUp\u00a0\u00bb css=\u00a0\u00bb\u00a0\u00bb]<\/p>\n<p align=\"justify\"><strong>L&rsquo;ECOLE LE REVE D&rsquo;OR<\/strong> est un \u00e9tablissement de formation professionnelle prive, agr\u00e9\u00e9 par le Minist\u00e8re de la Formation et de l&rsquo;Enseignement Professionnels, sous le num\u00e9ro d&rsquo;agr\u00e9ment du d\u00e9cret 3076. Elle dispose d&rsquo;une infrastructure conviviale ainsi que de moyens p\u00e9dagogiques et administratifs id\u00e9al pour mener \u00e0 bien ses missions de formations.<br \/>\nFixant les missions et les r\u00e8gles particuli\u00e8res d&rsquo;organisation et de fonctionnement des inter\/in tra entreprises. Elle est le premier \u00e9tablissement priv\u00e9 sp\u00e9cialis\u00e9 en formation d&rsquo;entreprise, c&rsquo;est l&rsquo;\u00e9cole de la double comp\u00e9tence par excellence qui permet aux dipl\u00f4m\u00e9s de l&rsquo;enseigne ment sup\u00e9rieur d&rsquo;avoir une deuxi\u00e8me compare dans leur cursus de formation.<\/p>\n<p>[\/vc_column_text][\/vc_column][\/vc_row][vc_row][vc_column][vc_text_separator title=\u00a0\u00bbObjectif\u00a0\u00bb css_animation=\u00a0\u00bbfadeInUp\u00a0\u00bb css=\u00a0\u00bb\u00a0\u00bb][\/vc_column][\/vc_row][vc_row][vc_column][vc_column_text css_animation=\u00a0\u00bbfadeInUp\u00a0\u00bb css=\u00a0\u00bb\u00a0\u00bb]<\/p>\n<p align=\"justify\"><strong>L&rsquo;ECOLE LE REVE D&rsquo;OR<\/strong> est un p\u00f4le d&rsquo;ex qui permet d&rsquo;assurer une formation dans le management et ce au profit de diff\u00e9r\u00e9 secteurs d&rsquo;activit\u00e9 \u00e9conomiques, qu&rsquo;ils soient industriels ou de services ; son atout : int\u00e9grer l&rsquo;exp\u00e9rience sur terrain dans le cursus p\u00e9dale logique !<\/p>\n<p>[\/vc_column_text][\/vc_column][\/vc_row][vc_row][vc_column][vc_text_separator title=\u00a0\u00bbMissions\u00a0\u00bb css_animation=\u00a0\u00bbfadeInUp\u00a0\u00bb css=\u00a0\u00bb\u00a0\u00bb][\/vc_column][\/vc_row][vc_row][vc_column width=\u00a0\u00bb1\/5&Prime;][vc_single_image image=\u00a0\u00bb90&Prime; img_size=\u00a0\u00bbfull\u00a0\u00bb alignment=\u00a0\u00bbcenter\u00a0\u00bb style=\u00a0\u00bbvc_box_shadow_circle\u00a0\u00bb css_animation=\u00a0\u00bbfadeInUp\u00a0\u00bb css=\u00a0\u00bb\u00a0\u00bb][vc_column_text css_animation=\u00a0\u00bbfadeInUp\u00a0\u00bb css=\u00a0\u00bb\u00a0\u00bb]<\/p>\n<h4 style=\"text-align: center;\"><span style=\"color: #6e1320;\"><strong>Innovation<\/strong><\/span><\/h4>\n<p>[\/vc_column_text][\/vc_column][vc_column width=\u00a0\u00bb1\/5&Prime;][\/vc_column][vc_column width=\u00a0\u00bb1\/5&Prime;][vc_single_image image=\u00a0\u00bb91&Prime; img_size=\u00a0\u00bbfull\u00a0\u00bb alignment=\u00a0\u00bbcenter\u00a0\u00bb style=\u00a0\u00bbvc_box_shadow_circle\u00a0\u00bb css_animation=\u00a0\u00bbfadeInUp\u00a0\u00bb css=\u00a0\u00bb\u00a0\u00bb][vc_column_text css_animation=\u00a0\u00bbfadeInUp\u00a0\u00bb css=\u00a0\u00bb\u00a0\u00bb]<\/p>\n<h4 style=\"text-align: center;\"><span style=\"color: #fbc478;\"><strong>Entreprenariat<\/strong><\/span><\/h4>\n<p>[\/vc_column_text][\/vc_column][vc_column width=\u00a0\u00bb1\/5&Prime;][\/vc_column][vc_column width=\u00a0\u00bb1\/5&Prime;][vc_single_image image=\u00a0\u00bb92&Prime; img_size=\u00a0\u00bbfull\u00a0\u00bb alignment=\u00a0\u00bbcenter\u00a0\u00bb style=\u00a0\u00bbvc_box_shadow_circle\u00a0\u00bb css_animation=\u00a0\u00bbfadeInUp\u00a0\u00bb css=\u00a0\u00bb\u00a0\u00bb][vc_column_text css_animation=\u00a0\u00bbfadeInUp\u00a0\u00bb css=\u00a0\u00bb\u00a0\u00bb]<\/p>\n<h4 style=\"text-align: center;\"><span style=\"color: #41a796;\"><strong>Transfert de technologie<\/strong><\/span><\/h4>\n<p>[\/vc_column_text][\/vc_column][\/vc_row]<\/p>\n<\/div>","protected":false},"excerpt":{"rendered":"<p>[vc_row][vc_column][vc_column_text css_animation=\u00a0\u00bbfadeInUp\u00a0\u00bb css=\u00a0\u00bb\u00a0\u00bb] L&rsquo;ECOLE LE REVE D&rsquo;OR est un \u00e9tablissement de formation professionnelle prive, agr\u00e9\u00e9 par le Minist\u00e8re de la Formation et de l&rsquo;Enseignement Professionnels, sous le num\u00e9ro d&rsquo;agr\u00e9ment du d\u00e9cret 3076. Elle dispose d&rsquo;une infrastructure conviviale ainsi que de moyens p\u00e9dagogiques et administratifs id\u00e9al pour mener \u00e0 bien ses missions de formations. Fixant les&hellip;<\/p>\n","protected":false},"author":1,"featured_media":0,"parent":0,"menu_order":0,"comment_status":"closed","ping_status":"closed","template":"","meta":{"footnotes":""},"class_list":["post-15","page","type-page","status-publish","hentry","description-off"],"_links":{"self":[{"href":"https:\/\/asproducts.dz\/index.php?rest_route=\/wp\/v2\/pages\/15","targetHints":{"allow":["GET"]}}],"collection":[{"href":"https:\/\/asproducts.dz\/index.php?rest_route=\/wp\/v2\/pages"}],"about":[{"href":"https:\/\/asproducts.dz\/index.php?rest_route=\/wp\/v2\/types\/page"}],"author":[{"embeddable":true,"href":"https:\/\/asproducts.dz\/index.php?rest_route=\/wp\/v2\/users\/1"}],"replies":[{"embeddable":true,"href":"https:\/\/asproducts.dz\/index.php?rest_route=%2Fwp%2Fv2%2Fcomments&post=15"}],"version-history":[{"count":13,"href":"https:\/\/asproducts.dz\/index.php?rest_route=\/wp\/v2\/pages\/15\/revisions"}],"predecessor-version":[{"id":101,"href":"https:\/\/asproducts.dz\/index.php?rest_route=\/wp\/v2\/pages\/15\/revisions\/101"}],"wp:attachment":[{"href":"https:\/\/asproducts.dz\/index.php?rest_route=%2Fwp%2Fv2%2Fmedia&parent=15"}],"curies":[{"name":"wp","href":"https:\/\/api.w.org\/{rel}","templated":true}]}}

<div class="wpb-content-wrapper"><p>[vc_row][vc_column][vc_column_text css_animation= »fadeInUp » css= » »]</p>
<p align="justify"><strong>L&rsquo;ECOLE LE REVE D&rsquo;OR</strong> est un établissement de formation professionnelle prive, agréé par le Ministère de la Formation et de l&rsquo;Enseignement Professionnels, sous le numéro d&rsquo;agrément du décret 3076. Elle dispose d&rsquo;une infrastructure conviviale ainsi que de moyens pédagogiques et administratifs idéal pour mener à bien ses missions de formations.<br />
Fixant les missions et les règles particulières d&rsquo;organisation et de fonctionnement des inter/in tra entreprises. Elle est le premier établissement privé spécialisé en formation d&rsquo;entreprise, c&rsquo;est l&rsquo;école de la double compétence par excellence qui permet aux diplômés de l&rsquo;enseigne ment supérieur d&rsquo;avoir une deuxième compare dans leur cursus de formation.</p>
<p>[/vc_column_text][/vc_column][/vc_row][vc_row][vc_column][vc_text_separator title= »Objectif » css_animation= »fadeInUp » css= » »][/vc_column][/vc_row][vc_row][vc_column][vc_column_text css_animation= »fadeInUp » css= » »]</p>
<p align="justify"><strong>L&rsquo;ECOLE LE REVE D&rsquo;OR</strong> est un pôle d&rsquo;ex qui permet d&rsquo;assurer une formation dans le management et ce au profit de différé secteurs d&rsquo;activité économiques, qu&rsquo;ils soient industriels ou de services ; son atout : intégrer l&rsquo;expérience sur terrain dans le cursus pédale logique !</p>
<p>[/vc_column_text][/vc_column][/vc_row][vc_row][vc_column][vc_text_separator title= »Missions » css_animation= »fadeInUp » css= » »][/vc_column][/vc_row][vc_row][vc_column width= »1/5&Prime;][vc_single_image image= »90&Prime; img_size= »full » alignment= »center » style= »vc_box_shadow_circle » css_animation= »fadeInUp » css= » »][vc_column_text css_animation= »fadeInUp » css= » »]</p>
<h4 style="text-align: center;"><span style="color: #6e1320;"><strong>Innovation</strong></span></h4>
<p>[/vc_column_text][/vc_column][vc_column width= »1/5&Prime;][/vc_column][vc_column width= »1/5&Prime;][vc_single_image image= »91&Prime; img_size= »full » alignment= »center » style= »vc_box_shadow_circle » css_animation= »fadeInUp » css= » »][vc_column_text css_animation= »fadeInUp » css= » »]</p>
<h4 style="text-align: center;"><span style="color: #fbc478;"><strong>Entreprenariat</strong></span></h4>
<p>[/vc_column_text][/vc_column][vc_column width= »1/5&Prime;][/vc_column][vc_column width= »1/5&Prime;][vc_single_image image= »92&Prime; img_size= »full » alignment= »center » style= »vc_box_shadow_circle » css_animation= »fadeInUp » css= » »][vc_column_text css_animation= »fadeInUp » css= » »]</p>
<h4 style="text-align: center;"><span style="color: #41a796;"><strong>Transfert de technologie</strong></span></h4>
<p>[/vc_column_text][/vc_column][/vc_row]</p>
</div>

<p>[vc_row][vc_column][vc_column_text css_animation= »fadeInUp » css= » »] L&rsquo;ECOLE LE REVE D&rsquo;OR est un établissement de formation professionnelle prive, agréé par le Ministère de la Formation et de l&rsquo;Enseignement Professionnels, sous le numéro d&rsquo;agrément du décret 3076. Elle dispose d&rsquo;une infrastructure conviviale ainsi que de moyens pédagogiques et administratifs idéal pour mener à bien ses missions de formations. Fixant les&hellip;</p>
